73, 229
What are the prime factors of 265699?
7, 37957
List the prime factors of 427220.
2, 5, 41, 521
What are the prime factors of 1059670?
2, 5, 105967
List the prime factors of 607274.
2, 17, 53, 337
What are the prime factors of 635240?
2, 5, 15881
What are the prime factors of 9212684?
2, 13, 177167
List the prime factors of 1516661.
1516661
List the prime factors of 342542.
2, 171271
List the prime factors of 2775346.
2, 7, 137, 1447
What are the prime factors of 656887?
7, 11, 19, 449
What are the prime factors of 353658?
2, 3, 58943
What are the prime factors of 128964?
2, 3, 11, 977
List the prime factors of 556965.
3, 5, 12377
List the prime factors of 311800.
2, 5, 1559
List the prime factors of 1834682.
2, 37, 24793
What are the prime factors of 141203?
337, 419
List the prime factors of 23341176.
2, 3, 108061
What are the prime factors of 12531?
3, 4177
List the prime factors of 4123488.
2, 3, 42953
List the prime factors of 10467876.
2, 3, 872323
What are the prime factors of 224416?
2, 7013
List the prime factors of 196748.
2, 101, 487
What are the prime factors of 442722?
2, 3, 7, 83, 127
What are the prime factors of 2654201?
11, 241291
What are the prime factors of 384638?
2, 192319
List the prime factors of 1395141.
3, 11, 67, 631
What are the prime factors of 307732?
2, 107, 719
List the prime factors of 31813468.
2, 2677, 2971
List the prime factors of 7847685.
3, 5, 2153
List the prime factors of 3686098.
2, 13, 141773
List the prime factors of 99891.
3, 11, 1009
List the prime factors of 675099.
3, 75011
List the prime factors of 58130.
2, 5, 5813
List the prime factors of 1768327.
11, 160757
What are the prime factors of 6545221?
17, 385013
List the prime factors of 1375316.
2, 343829
List the prime factors of 306287.
53, 5779
What are the prime factors of 862491?
3, 7, 67, 613
List the prime factors of 9778339.
443, 22073
List the prime factors of 3356386.
2, 11, 152563
What are the prime factors of 151489?
13, 43, 271
What are the prime factors of 166828?
2, 179, 233
What are the prime factors of 4228606?
2, 29, 72907
List the prime factors of 5216359.
691, 7549
List the prime factors of 391477.
353, 1109
What are the prime factors of 11075762?
2, 5537881
What are the prime factors of 4783883?
13, 28307
What are the prime factors of 261178?
2, 130589
What are the prime factors of 1598614?
2, 799307
List the prime factors of 322968.
2, 3, 13457
List the prime factors of 5183590.
2, 5, 569, 911
List the prime factors of 982157.
11, 8117
What are the prime factors of 2067777?
3, 229753
What are the prime factors of 11093397?
3, 7, 19, 27803
What are the prime factors of 2448446?
2, 7, 11, 13, 1223
What are the prime factors of 853165?
5, 170633
What are the prime factors of 523237?
11, 13, 3659
What are the prime factors of 232478?
2, 116239
What are the prime factors of 7487302?
2, 3743651
What are the prime factors of 1374442?
2, 79, 8699
List the prime factors of 15577670.
2, 5, 23, 89, 761
What are the prime factors of 308711?
13, 23747
List the prime factors of 333112.
2, 13, 3203
What are the prime factors of 66668?
2, 7, 2381
What are the prime factors of 4766174?
2, 7, 61, 5581
List the prime factors of 599073.
3, 397, 503
What are the prime factors of 1876907?
43, 43649
List the prime factors of 3372693.
3, 101, 11131
List the prime factors of 432021.
3, 17, 43, 197
What are the prime factors of 1243628?
2, 73, 4259
What are the prime factors of 1848484?
2, 11, 43, 977
List the prime factors of 5426568.
2, 3, 7, 37, 97
List the prime factors of 23640.
2, 3, 5, 197
List the prime factors of 773535.
3, 5, 7, 53, 139
List the prime factors of 2478849.
3, 826283
What are the prime factors of 2311927?
211, 10957
List the prime factors of 11323674.
2, 3, 61, 10313
What are the prime factors of 257652?
2, 3, 17, 421
List the prime factors of 11361488.
2, 179, 3967
What are the prime factors of 3133620?
2, 3, 5, 7, 829
List the prime factors of 252707.
7, 13, 2777
List the prime factors of 18612331.
17, 1094843
What are the prime factors of 1010144?
2, 31567
What are the prime factors of 77842?
2, 38921
List the prime factors of 6345409.
7, 906487
What are the prime factors of 207946?
2, 173, 601
List the prime factors of 11159525.
5, 13, 34337
What are the prime factors of 300463?
300463
What are the prime factors of 291479?
19, 23, 29
List the prime factors of 16588091.
13, 1276007
What are the prime factors of 17637203?
17637203
What are the prime factors of 70119?
3, 7, 53
What are the prime factors of 29043591?
3, 911, 10627
What are the prime factors of 70753?
70753
What are the prime factors of 14729350?
2, 5, 59, 4993
What are the prime factors of 696184?
2, 17, 5119
List the prime factors of 256032.
2, 3, 7, 127
What are the prime factors of 2385306?
2, 3, 7, 11, 1721
What are the prime factors of 14663320?
2, 5, 7, 52369
List the prime factors of 348613.
89, 3917
What are the prime factors of 246572?
2, 61643
List the prime factors of 3592.
2, 449
What are the prime factors of 3003667?
761, 3947
List the prime factors of 23813157.
3, 7937719
List the prime factors of 3421242.
2, 3, 11, 37, 467
What are the prime factors of 9551930?
2, 5, 955193
List the prime factors of 3678352.
2, 229897
What are the prime factors of 40876798?
2, 179, 227, 503
What are the prime factors of 1017265?
5, 31, 6563
What are the prime factors of 2722517?
7, 388931
What are the prime factors of 187752?
2, 3, 7823
What are the prime factors of 4812822?
2, 3, 7, 38197
List the prime factors of 6597536.
2, 11, 18743
List the prime factors of 1738017.
3, 43, 499
What are the prime factors of 708349?
283, 2503
What are the prime factors of 1043137?
17, 43, 1427
What are the prime factors of 6030674?
2, 13, 163, 1423
What are the prime factors of 4200430?
2, 5, 13, 79, 409
List the prime factors of 3855936.
2, 3, 7, 19, 151
List the prime factors of 3879502.
2, 11, 17, 23, 41
What are the prime factors of 6416951?
41, 156511
What are the prime factors of 320013?
3, 31, 37
What are the prime factors of 40578?
2, 3, 6763
What are the prime factors of 2653528?
2, 331691
List the prime factors of 12340772.
2, 83, 37171
What are the prime factors of 688712?
2, 19, 23, 197
List the prime factors of 448674.
2, 3, 74779
What are the prime factors of 457078?
2, 228539
What are the prime factors of 4368370?
2, 5, 43, 10159
What are the prime factors of 147395?
5, 41, 719
List the prime factors of 1491423.
3, 497141
What are the prime factors of 569689?
37, 89, 173
List the prime factors of 631177.
53, 11909
List the prime factors of 29835.
3, 5, 13, 17
List the prime factors of 26349250.
2, 5, 105397
What are the prime factors of 1611193?
61, 433
List the prime factors of 187857.
3, 20873
List the prime factors of 979803.
3, 11, 3299
What are the prime factors of 5653655?
5, 7, 163, 991
What are the prime factors of 246502?
2, 59, 2089
What are the prime factors of 763918?
2, 29, 13171
List the prime factors of 2189584.
2, 136849
What are the prime factors of 13662501?
3, 19, 281, 853
What are the prime factors of 361251?
3, 11, 41, 89
List the prime factors of 246032.
2, 15377
List the prime factors of 974783.
67, 14549
What are the prime factors of 1798429?
1798429
What are the prime factors of 631137?
3, 13, 16183
List the prime factors of 543600.
2, 3, 5, 151
What are the prime factors of 724106?
2, 362053
List the prime factors of 413256.
2, 3, 67, 257
What are the prime factors of 1895640?
2, 3, 5, 15797
List the prime factors of 1854812.
2, 23, 20161
List the prime factors of 537074.
2, 268537
List the prime factors of 2154566.
2, 71, 15173
What are the prime factors of 9867770?
2, 5, 11, 109, 823
List the prime factors of 2094289.
631, 3319
What are the prime factors of 562985?
5, 109, 1033
What are the prime factors of 1692982?
2, 179, 4729
What are the prime factors of 3440732?
2, 17, 50599
What are the prime factors of 640074?
2, 3, 107, 997
List the prime factors of 1212265.
5, 242453
What are the prime factors of 5072732?
2, 7, 17, 10657
What are the prime factors of 19423577?
31, 83, 7549
List the prime factors of 7888946.
2, 13, 303421
List the prime factors of 3930491.
3930491
List the prime factors of 255151.
13, 19, 1033
Lis